{"id":1950,"date":"2026-03-12T20:23:27","date_gmt":"2026-03-13T01:23:27","guid":{"rendered":"https:\/\/neodialogs.com\/pruebas\/?page_id=1950"},"modified":"2026-03-12T20:44:42","modified_gmt":"2026-03-13T01:44:42","slug":"termos-e-condicoes-pt","status":"publish","type":"page","link":"https:\/\/neodialogs.com\/pruebas\/termos-e-condicoes-pt\/","title":{"rendered":"Termos e condicoes"},"content":{"rendered":"\t\t<div data-elementor-type=\"wp-page\" data-elementor-id=\"1950\" class=\"elementor elementor-1950\">\n\t\t\t\t<div class=\"elementor-element elementor-element-86j4dwl7 twbb_section e-flex e-con-boxed e-con e-parent\" data-id=\"86j4dwl7\" data-element_type=\"container\">\n\t\t\t\t\t<div class=\"e-con-inner\">\n\t\t\t\t<div class=\"elementor-element elementor-element-zzy7y819 elementor-widget__width-initial elementor-widget-mobile__width-inherit elementor-widget-tablet__width-initial elementor-invisible elementor-widget elementor-widget-text-editor\" data-id=\"zzy7y819\" data-element_type=\"widget\" data-settings=\"{&quot;_animation&quot;:&quot;fadeInUp&quot;}\" data-widget_type=\"text-editor.default\">\n\t\t\t\t\t\t\t\t\t<div class=\"nd-legal\"><h1 class=\"nd-title\">Termos e condi\u00e7\u00f5es<\/h1><p class=\"nd-paragraph nd-intro\">Bem-vindo \u00e0 NeoDialogs. Estes termos e condi\u00e7\u00f5es descrevem as regras e regulamentos para o uso do site da NeoDialogs, localizado em <strong>Mailmaxx LLC<\/strong>, 75 E 3rd St #7, Sheridan, WY 82801, Estados Unidos.<\/p><p class=\"nd-paragraph\">Ao acessar este site, assumimos que voc\u00ea aceita estes termos e condi\u00e7\u00f5es na \u00edntegra. N\u00e3o continue a usar o site da NeoDialogs se voc\u00ea n\u00e3o concordar com todos os termos e condi\u00e7\u00f5es estabelecidos nesta p\u00e1gina.<\/p><hr class=\"nd-separator\" \/><h2 class=\"nd-subtitle\">1. Terminologia<\/h2><p class=\"nd-paragraph\">A seguinte terminologia se aplica a estes Termos e Condi\u00e7\u00f5es, Declara\u00e7\u00e3o de Privacidade e Aviso de Isen\u00e7\u00e3o de Responsabilidade, e a todos ou alguns dos Acordos: &#8220;Cliente&#8221;, &#8220;Voc\u00ea&#8221; e &#8220;Seu&#8221; referem-se a voc\u00ea, a pessoa que acessa este site e aceita os termos e condi\u00e7\u00f5es da Empresa. &#8220;A Empresa&#8221;, &#8220;N\u00f3s&#8221;, &#8220;Nosso&#8221; referem-se \u00e0 nossa Empresa. &#8220;Parte&#8221;, &#8220;Partes&#8221; ou &#8220;N\u00f3s&#8221; referem-se tanto ao Cliente quanto a n\u00f3s mesmos, ou ao Cliente ou a n\u00f3s mesmos.<\/p><p class=\"nd-paragraph\">Todos os termos referem-se \u00e0 oferta, aceita\u00e7\u00e3o e considera\u00e7\u00e3o do pagamento necess\u00e1rio para realizar o processo de nossa assist\u00eancia ao Cliente da maneira mais apropriada, seja por meio de reuni\u00f5es formais de dura\u00e7\u00e3o fixa, ou qualquer outro meio, com o prop\u00f3sito expresso de atender \u00e0s necessidades do Cliente em rela\u00e7\u00e3o \u00e0 presta\u00e7\u00e3o dos servi\u00e7os\/produtos declarados da Empresa, de acordo com e sujeito \u00e0 lei vigente de <span class=\"nd-highlight\">Wyoming, EUA<\/span>.<\/p><hr class=\"nd-separator\" \/><h2 class=\"nd-subtitle\">2. Licen\u00e7a de uso<\/h2><p class=\"nd-paragraph\">A menos que indicado de outra forma, a NeoDialogs e\/ou seus licenciantes possuem os direitos de propriedade intelectual de todo o material na NeoDialogs. Todos os direitos de propriedade intelectual s\u00e3o reservados. Voc\u00ea pode visualizar e\/ou imprimir p\u00e1ginas de <strong>neodialogs.com<\/strong> para seu uso pessoal, sujeito \u00e0s restri\u00e7\u00f5es estabelecidas nestes termos e condi\u00e7\u00f5es.<\/p><div class=\"nd-list\"><p class=\"nd-list-item\">\u274c Republicar material de neodialogs.com<\/p><p class=\"nd-list-item\">\u274c Vender, alugar ou sublicenciar material<\/p><p class=\"nd-list-item\">\u274c Reproduzir, duplicar ou copiar material<\/p><p class=\"nd-list-item\">\u274c Redistribuir conte\u00fado (a menos que o conte\u00fado seja especificamente feito para redistribui\u00e7\u00e3o).<\/p><\/div><hr class=\"nd-separator\" \/><h2 class=\"nd-subtitle\">3. Uso aceit\u00e1vel<\/h2><p class=\"nd-paragraph\">Voc\u00ea n\u00e3o deve usar este site de qualquer forma que cause, ou possa causar, danos ao site ou preju\u00edzo da disponibilidade ou acessibilidade do site, ou de qualquer forma que seja ilegal, fraudulenta ou prejudicial, ou em conex\u00e3o com qualquer prop\u00f3sito ou atividade ilegal, fraudulenta ou prejudicial.<\/p><div class=\"nd-list\"><p class=\"nd-list-item\">\ud83d\udd39 Usar o site para copiar, armazenar, hospedar, transmitir, enviar, usar, publicar ou distribuir qualquer material que consista em (ou esteja vinculado a) qualquer spyware, v\u00edrus de computador, cavalo de Troia, worm, keylogger, rootkit ou outro software de computador malicioso.<\/p><p class=\"nd-list-item\">\ud83d\udd39 Conduzir qualquer atividade sistem\u00e1tica ou automatizada de coleta de dados (incluindo, sem limita\u00e7\u00e3o, scraping, minera\u00e7\u00e3o de dados, extra\u00e7\u00e3o de dados e coleta de dados) no ou em rela\u00e7\u00e3o a este site sem o consentimento expresso por escrito da NeoDialogs.<\/p><\/div><hr class=\"nd-separator\" \/><h2 class=\"nd-subtitle\">4. Planos de assinatura e pagamentos<\/h2><p class=\"nd-paragraph\">A NeoDialogs oferece tr\u00eas planos de assinatura mensal para suas solu\u00e7\u00f5es. Ao assinar um plano, voc\u00ea concorda em pagar as taxas aplic\u00e1veis, conforme indicado em nossa p\u00e1gina de pre\u00e7os. Os pagamentos s\u00e3o devidos mensalmente de forma recorrente, e sua assinatura ser\u00e1 renovada automaticamente, a menos que voc\u00ea a cancele antes da data de renova\u00e7\u00e3o.<\/p><p class=\"nd-paragraph\">Reservamo-nos o direito de alterar nossas taxas de assinatura a qualquer momento, mas forneceremos um aviso razo\u00e1vel sobre tais altera\u00e7\u00f5es. Se voc\u00ea n\u00e3o concordar com as novas taxas, poder\u00e1 cancelar sua assinatura antes do pr\u00f3ximo ciclo de faturamento.<\/p><p class=\"nd-paragraph\">Todos os pagamentos s\u00e3o processados com seguran\u00e7a atrav\u00e9s do nosso provedor de gateway de pagamento. N\u00e3o armazenamos as informa\u00e7\u00f5es do seu cart\u00e3o de cr\u00e9dito em nossos servidores.<\/p><hr class=\"nd-separator\" \/><h2 class=\"nd-subtitle\">5. Nossas solu\u00e7\u00f5es<\/h2><p class=\"nd-paragraph\">A NeoDialogs fornece solu\u00e7\u00f5es de IA para diversas fun\u00e7\u00f5es empresariais, incluindo vendas, marketing, recursos humanos, cobran\u00e7as, gest\u00e3o de pedidos e gest\u00e3o de fornecedores. Embora nos esforcemos para fornecer solu\u00e7\u00f5es precisas e eficazes, <span class=\"nd-highlight\">n\u00e3o podemos garantir resultados espec\u00edficos<\/span> do uso de nossos bots de IA.<\/p><p class=\"nd-paragraph\">Voc\u00ea \u00e9 respons\u00e1vel por garantir que seu uso de nossas solu\u00e7\u00f5es de bots de IA esteja em conformidade com todas as leis e regulamentos aplic\u00e1veis, incluindo leis de privacidade e regulamentos de prote\u00e7\u00e3o de dados.<\/p><hr class=\"nd-separator\" \/><h2 class=\"nd-subtitle\">6. Limita\u00e7\u00e3o de responsabilidade<\/h2><p class=\"nd-paragraph\">Na m\u00e1xima extens\u00e3o permitida pela lei aplic\u00e1vel, em nenhum caso a NeoDialogs, nem seus diretores, funcion\u00e1rios, parceiros, agentes, fornecedores ou afiliados, ser\u00e3o respons\u00e1veis por quaisquer danos indiretos, incidentais, especiais, consequenciais ou punitivos, incluindo, sem limita\u00e7\u00e3o, perda de lucros, dados, uso, boa vontade ou outras perdas intang\u00edveis, resultantes de (i) seu acesso ou uso ou incapacidade de acessar ou usar o site ou nossas solu\u00e7\u00f5es de bots de IA; (ii) qualquer conduta ou conte\u00fado de qualquer terceiro no site; (iii) qualquer conte\u00fado obtido do site; e (iv) acesso n\u00e3o autorizado, uso ou altera\u00e7\u00e3o de suas transmiss\u00f5es ou conte\u00fado, seja com base em garantia, contrato, ato il\u00edcito (incluindo neglig\u00eancia) ou qualquer outra teoria legal, independentemente de termos sido informados ou n\u00e3o da possibilidade de tais danos, e mesmo que se determine que um recurso estabelecido neste documento falhou em seu prop\u00f3sito essencial.<\/p><hr class=\"nd-separator\" \/><h2 class=\"nd-subtitle\">7. Isen\u00e7\u00e3o de responsabilidade<\/h2><p class=\"nd-paragraph\">Na m\u00e1xima extens\u00e3o permitida pela lei aplic\u00e1vel, exclu\u00edmos todas as representa\u00e7\u00f5es, garantias e condi\u00e7\u00f5es relacionadas ao nosso site e ao uso deste site (incluindo, sem limita\u00e7\u00e3o, quaisquer garantias impl\u00edcitas por lei de qualidade satisfat\u00f3ria, adequa\u00e7\u00e3o a um prop\u00f3sito espec\u00edfico e\/ou uso de cuidado e habilidade razo\u00e1veis). Nada nesta isen\u00e7\u00e3o de responsabilidade:<\/p><div class=\"nd-list\"><p class=\"nd-list-item\">\u2705 Limitar\u00e1 ou excluir\u00e1 nossa ou sua responsabilidade por morte ou danos pessoais resultantes de neglig\u00eancia;<\/p><p class=\"nd-list-item\">\u2705 Limitar\u00e1 ou excluir\u00e1 nossa ou sua responsabilidade por fraude ou declara\u00e7\u00e3o fraudulenta;<\/p><p class=\"nd-list-item\">\u2705 Limitar\u00e1 qualquer de nossas ou suas responsabilidades de qualquer forma que n\u00e3o seja permitida pela lei aplic\u00e1vel; ou<\/p><p class=\"nd-list-item\">\u2705 Excluir\u00e1 qualquer de nossas ou suas responsabilidades que n\u00e3o possam ser exclu\u00eddas pela lei aplic\u00e1vel.<\/p><\/div><hr class=\"nd-separator\" \/><h2 class=\"nd-subtitle\">8. Indeniza\u00e7\u00e3o<\/h2><p class=\"nd-paragraph\">Voc\u00ea concorda em indenizar, defender e isentar a NeoDialogs, seus diretores, funcion\u00e1rios, agentes e terceiros, por quaisquer perdas, custos, responsabilidades e despesas (incluindo honor\u00e1rios advocat\u00edcios razo\u00e1veis) relacionados ou decorrentes do seu uso ou incapacidade de usar o Site ou os servi\u00e7os, quaisquer publica\u00e7\u00f5es de usu\u00e1rio feitas por voc\u00ea, sua viola\u00e7\u00e3o de qualquer termo deste Acordo ou sua viola\u00e7\u00e3o de quaisquer direitos de terceiros, ou sua viola\u00e7\u00e3o de quaisquer leis, regras ou regulamentos aplic\u00e1veis. A NeoDialogs reserva-se o direito, a seu pr\u00f3prio custo, de assumir a defesa e o controle exclusivos de qualquer assunto sujeito a indeniza\u00e7\u00e3o por voc\u00ea; nesse caso, voc\u00ea cooperar\u00e1 plenamente com a NeoDialogs para afirmar quaisquer defesas dispon\u00edveis.<\/p><hr class=\"nd-separator\" \/><h2 class=\"nd-subtitle\">9. Varia\u00e7\u00e3o e cess\u00e3o<\/h2><p class=\"nd-paragraph\">A NeoDialogs pode revisar estes termos a qualquer momento, conforme julgar adequado, e ao usar este site, espera-se que voc\u00ea revise estes termos regularmente.<\/p><p class=\"nd-paragraph\">A NeoDialogs pode ceder, transferir e subcontratar seus direitos e\/ou obriga\u00e7\u00f5es sob estes Termos sem qualquer notifica\u00e7\u00e3o. No entanto, voc\u00ea n\u00e3o tem permiss\u00e3o para ceder, transferir ou subcontratar qualquer um de seus direitos e\/ou obriga\u00e7\u00f5es sob estes Termos.<\/p><hr class=\"nd-separator\" \/><h2 class=\"nd-subtitle\">10. Acordo integral e lei aplic\u00e1vel<\/h2><p class=\"nd-paragraph\">Estes termos e condi\u00e7\u00f5es constituem o acordo integral entre voc\u00ea e a NeoDialogs em rela\u00e7\u00e3o ao uso deste site e substituem todos os acordos e entendimentos anteriores.<\/p><p class=\"nd-paragraph\">Estes termos e condi\u00e7\u00f5es ser\u00e3o regidos e interpretados de acordo com as leis de <span class=\"nd-highlight\">Wyoming, EUA<\/span>, e quaisquer disputas relacionadas a estes termos e condi\u00e7\u00f5es estar\u00e3o sujeitas \u00e0 jurisdi\u00e7\u00e3o exclusiva dos tribunais de Wyoming, EUA.<\/p><hr class=\"nd-separator nd-separator--last\" \/><div class=\"nd-footer\"><p>\u00a9 2026 NeoDialogs. Todos os direitos reservados.<\/p><\/div><\/div><p><style> \/* Estilos baseados em neodialogs.com\/home-es *\/ .nd-legal { max-width: 780px; margin: 0 auto; padding: 3rem 2rem; background-color: #FFFFFF; color: #1A2B3E; font-family: 'Inter', system-ui, -apple-system, BlinkMacSystemFont, 'Segoe UI', Roboto, sans-serif; line-height: 1.7; } \/* T\u00edtulos em mai\u00fasculas com peso seminegrito, como no site original *\/ .nd-title { font-size: 2.8rem; font-weight: 600; letter-spacing: -0.02em; line-height: 1.1; margin-top: 0; margin-bottom: 2rem; color: #0B1C2F; text-transform: uppercase; text-align: left; } .nd-subtitle { font-size: 1.8rem; font-weight: 600; letter-spacing: -0.01em; margin-top: 1.5rem; margin-bottom: 1.25rem; color: #1F3A5F; text-transform: uppercase; text-align: left; } \/* Par\u00e1grafos com mais espa\u00e7o e melhor legibilidade *\/ .nd-paragraph { margin-bottom: 1.5rem; font-size: 1.05rem; color: #2C3E50; text-align: left; } .nd-intro { font-size: 1.15rem; color: #1F3A5F; border-left: 4px solid #2563EB; padding-left: 1.5rem; background-color: #F8FAFE; padding: 1.2rem 1.5rem; border-radius: 12px; } \/* Destaque para texto importante *\/ .nd-highlight { font-weight: 600; color: #1E4A8B; background-color: #E6F0FF; padding: 0.2rem 0.4rem; border-radius: 6px; } \/* Listas com indenta\u00e7\u00e3o limpa e marcadores *\/ .nd-list { margin: 1.5rem 0 1.8rem 1rem; padding-left: 1rem; border-left: 2px solid #CBD5E0; } .nd-list-item { margin-bottom: 0.85rem; font-size: 1.05rem; color: #2D3F54; display: flex; align-items: flex-start; gap: 0.75rem; padding-left: 0.5rem; } \/* Separadores visuais no estilo do site (mais limpos) *\/ .nd-separator { border: 0; height: 1px; background: linear-gradient(90deg, transparent, #A0B8CC, transparent); margin: 2.5rem 0; opacity: 0.4; } .nd-separator--last { margin-bottom: 2rem; } \/* Rodap\u00e9 minimalista *\/ .nd-footer { margin-top: 2rem; padding-top: 1.2rem; text-align: center; font-size: 0.9rem; color: #6F7E91; border-top: 1px solid #DDE3E9; text-transform: uppercase; letter-spacing: 0.5px; } \/* Ajustes para dispositivos m\u00f3veis *\/ @media (max-width: 640px) { .nd-legal { padding: 2rem 1.2rem; } .nd-title { font-size: 2.2rem; } .nd-subtitle { font-size: 1.5rem; } .nd-list { margin-left: 0.5rem; } } <\/style><\/p>\t\t\t\t\t\t\t\t<\/div>\n\t\t\t\t\t<\/div>\n\t\t\t\t<\/div>\n\t\t\t\t<\/div>\n\t\t","protected":false},"excerpt":{"rendered":"<p>Termos e condi\u00e7\u00f5es Bem-vindo \u00e0 NeoDialogs. Estes termos e condi\u00e7\u00f5es descrevem as regras e regulamentos para o uso do site da NeoDialogs, localizado em Mailmaxx LLC, 75 E 3rd St #7, Sheridan, WY 82801, Estados Unidos. Ao acessar este site, assumimos que voc\u00ea aceita estes termos e condi\u00e7\u00f5es na \u00edntegra. N\u00e3o continue a usar o [&hellip;]<\/p>\n","protected":false},"author":3,"featured_media":0,"parent":0,"menu_order":0,"comment_status":"closed","ping_status":"closed","template":"","meta":{"_seopress_robots_primary_cat":"","_seopress_titles_title":"","_seopress_titles_desc":"","_seopress_robots_index":"","_monsterinsights_skip_tracking":false,"_monsterinsights_sitenote_active":false,"_monsterinsights_sitenote_note":"","_monsterinsights_sitenote_category":0,"footnotes":""},"categories":[17],"tags":[],"class_list":["post-1950","page","type-page","status-publish","hentry","category-portuguese"],"_links":{"self":[{"href":"https:\/\/neodialogs.com\/pruebas\/wp-json\/wp\/v2\/pages\/1950","targetHints":{"allow":["GET"]}}],"collection":[{"href":"https:\/\/neodialogs.com\/pruebas\/wp-json\/wp\/v2\/pages"}],"about":[{"href":"https:\/\/neodialogs.com\/pruebas\/wp-json\/wp\/v2\/types\/page"}],"author":[{"embeddable":true,"href":"https:\/\/neodialogs.com\/pruebas\/wp-json\/wp\/v2\/users\/3"}],"replies":[{"embeddable":true,"href":"https:\/\/neodialogs.com\/pruebas\/wp-json\/wp\/v2\/comments?post=1950"}],"version-history":[{"count":4,"href":"https:\/\/neodialogs.com\/pruebas\/wp-json\/wp\/v2\/pages\/1950\/revisions"}],"predecessor-version":[{"id":1958,"href":"https:\/\/neodialogs.com\/pruebas\/wp-json\/wp\/v2\/pages\/1950\/revisions\/1958"}],"wp:attachment":[{"href":"https:\/\/neodialogs.com\/pruebas\/wp-json\/wp\/v2\/media?parent=1950"}],"wp:term":[{"taxonomy":"category","embeddable":true,"href":"https:\/\/neodialogs.com\/pruebas\/wp-json\/wp\/v2\/categories?post=1950"},{"taxonomy":"post_tag","embeddable":true,"href":"https:\/\/neodialogs.com\/pruebas\/wp-json\/wp\/v2\/tags?post=1950"}],"curies":[{"name":"wp","href":"https:\/\/api.w.org\/{rel}","templated":true}]}}